{"id":555,"date":"2024-03-23T16:27:32","date_gmt":"2024-03-23T19:27:32","guid":{"rendered":"http:\/\/novaeraexpress.com.br\/?page_id=555"},"modified":"2025-08-03T18:22:49","modified_gmt":"2025-08-03T21:22:49","slug":"sobre","status":"publish","type":"page","link":"http:\/\/novaeraexpress.com.br\/?page_id=555","title":{"rendered":"Sobre"},"content":{"rendered":"\t\t<div data-elementor-type=\"wp-page\" data-elementor-id=\"555\" class=\"elementor elementor-555\" data-elementor-post-type=\"page\">\n\t\t\t\t<div class=\"elementor-element elementor-element-090ded5 e-con-full e-flex e-con e-parent\" data-id=\"090ded5\" data-element_type=\"container\" data-settings=\"{&quot;background_background&quot;:&quot;classic&quot;}\">\n\t\t<div class=\"elementor-element elementor-element-9987d72 e-flex e-con-boxed e-con e-child\" data-id=\"9987d72\" data-element_type=\"container\">\n\t\t\t\t\t<div class=\"e-con-inner\">\n\t\t\t\t<div class=\"elementor-element elementor-element-d86f249 elementor-widget elementor-widget-heading\" data-id=\"d86f249\" data-element_type=\"widget\" data-widget_type=\"heading.default\">\n\t\t\t\t<div class=\"elementor-widget-container\">\n\t\t\t\t\t<h2 class=\"elementor-heading-title elementor-size-default\">Nossa hist\u00f3ria<\/h2>\t\t\t\t<\/div>\n\t\t\t\t<\/div>\n\t\t\t\t\t<\/div>\n\t\t\t\t<\/div>\n\t\t<div class=\"elementor-element elementor-element-253ddec e-con-full e-flex e-con e-child\" data-id=\"253ddec\" data-element_type=\"container\">\n\t\t\t\t<div class=\"elementor-element elementor-element-e9e11f5 elementor-widget__width-initial elementor-widget elementor-widget-image\" data-id=\"e9e11f5\" data-element_type=\"widget\" data-widget_type=\"image.default\">\n\t\t\t\t<div class=\"elementor-widget-container\">\n\t\t\t\t\t\t\t\t\t\t\t\t\t\t\t<img fetchpriority=\"high\" decoding=\"async\" width=\"1920\" height=\"1080\" src=\"http:\/\/novaeraexpress.com.br\/wp-content\/uploads\/2024\/05\/Fotos-07.png\" class=\"attachment-full size-full wp-image-762\" alt=\"\" srcset=\"http:\/\/novaeraexpress.com.br\/wp-content\/uploads\/2024\/05\/Fotos-07.png 1920w, http:\/\/novaeraexpress.com.br\/wp-content\/uploads\/2024\/05\/Fotos-07-300x169.png 300w, http:\/\/novaeraexpress.com.br\/wp-content\/uploads\/2024\/05\/Fotos-07-1024x576.png 1024w, http:\/\/novaeraexpress.com.br\/wp-content\/uploads\/2024\/05\/Fotos-07-768x432.png 768w, http:\/\/novaeraexpress.com.br\/wp-content\/uploads\/2024\/05\/Fotos-07-1536x864.png 1536w, http:\/\/novaeraexpress.com.br\/wp-content\/uploads\/2024\/05\/Fotos-07-260x146.png 260w, http:\/\/novaeraexpress.com.br\/wp-content\/uploads\/2024\/05\/Fotos-07-50x28.png 50w, http:\/\/novaeraexpress.com.br\/wp-content\/uploads\/2024\/05\/Fotos-07-133x75.png 133w, http:\/\/novaeraexpress.com.br\/wp-content\/uploads\/2024\/05\/Fotos-07-1200x675.png 1200w\" sizes=\"(max-width:767px) 480px, (max-width:1920px) 100vw, 1920px\" \/>\t\t\t\t\t\t\t\t\t\t\t\t\t\t\t<\/div>\n\t\t\t\t<\/div>\n\t\t\t\t<div class=\"elementor-element elementor-element-b857705 elementor-widget__width-initial elementor-widget elementor-widget-text-editor\" data-id=\"b857705\" data-element_type=\"widget\" data-widget_type=\"text-editor.default\">\n\t\t\t\t<div class=\"elementor-widget-container\">\n\t\t\t\t\t\t\t\t\t<p>Desde 1997, a Nova Era Express oferece solu\u00e7\u00f5es especializadas em transporte terceirizado de cargas fracionadas, com forte presen\u00e7a nas regi\u00f5es da Zona da Mata e Campo das Vertentes, em Minas Gerais.<\/p>\t\t\t\t\t\t\t\t<\/div>\n\t\t\t\t<\/div>\n\t\t\t\t<\/div>\n\t\t<div class=\"elementor-element elementor-element-2505a29 e-con-full e-flex e-con e-child\" data-id=\"2505a29\" data-element_type=\"container\">\n\t\t\t\t<div class=\"elementor-element elementor-element-2932932 elementor-widget__width-initial elementor-widget elementor-widget-text-editor\" data-id=\"2932932\" data-element_type=\"widget\" data-widget_type=\"text-editor.default\">\n\t\t\t\t<div class=\"elementor-widget-container\">\n\t\t\t\t\t\t\t\t\t<p data-prosemirror-content-type=\"node\" data-prosemirror-node-name=\"paragraph\" data-prosemirror-node-block=\"true\" data-pm-slice=\"1 1 []\">Com sede em Juiz de Fora (MG), a empresa construiu uma trajet\u00f3ria s\u00f3lida pautada na efici\u00eancia log\u00edstica, no compromisso com os clientes e na transpar\u00eancia das rela\u00e7\u00f5es comerciais.<br data-prosemirror-content-type=\"node\" data-prosemirror-node-name=\"hardBreak\" data-prosemirror-node-inline=\"true\" \/>Ao longo dos anos, a Nova Era Express se consolidou como refer\u00eancia no setor, apoiada em tr\u00eas pilares fundamentais:<\/p>\t\t\t\t\t\t\t\t<\/div>\n\t\t\t\t<\/div>\n\t\t\t\t<div class=\"elementor-element elementor-element-9b82311 elementor-widget__width-initial elementor-widget elementor-widget-image\" data-id=\"9b82311\" data-element_type=\"widget\" data-widget_type=\"image.default\">\n\t\t\t\t<div class=\"elementor-widget-container\">\n\t\t\t\t\t\t\t\t\t\t\t\t\t\t\t<img decoding=\"async\" width=\"1920\" height=\"1080\" src=\"http:\/\/novaeraexpress.com.br\/wp-content\/uploads\/2024\/05\/Fotos-06.png\" class=\"attachment-full size-full wp-image-761\" alt=\"\" srcset=\"http:\/\/novaeraexpress.com.br\/wp-content\/uploads\/2024\/05\/Fotos-06.png 1920w, http:\/\/novaeraexpress.com.br\/wp-content\/uploads\/2024\/05\/Fotos-06-300x169.png 300w, http:\/\/novaeraexpress.com.br\/wp-content\/uploads\/2024\/05\/Fotos-06-1024x576.png 1024w, http:\/\/novaeraexpress.com.br\/wp-content\/uploads\/2024\/05\/Fotos-06-768x432.png 768w, http:\/\/novaeraexpress.com.br\/wp-content\/uploads\/2024\/05\/Fotos-06-1536x864.png 1536w, http:\/\/novaeraexpress.com.br\/wp-content\/uploads\/2024\/05\/Fotos-06-260x146.png 260w, http:\/\/novaeraexpress.com.br\/wp-content\/uploads\/2024\/05\/Fotos-06-50x28.png 50w, http:\/\/novaeraexpress.com.br\/wp-content\/uploads\/2024\/05\/Fotos-06-133x75.png 133w, http:\/\/novaeraexpress.com.br\/wp-content\/uploads\/2024\/05\/Fotos-06-1200x675.png 1200w\" sizes=\"(max-width:767px) 480px, (max-width:1920px) 100vw, 1920px\" \/>\t\t\t\t\t\t\t\t\t\t\t\t\t\t\t<\/div>\n\t\t\t\t<\/div>\n\t\t\t\t<\/div>\n\t\t<div class=\"elementor-element elementor-element-6350815 e-con-full e-flex e-con e-child\" data-id=\"6350815\" data-element_type=\"container\">\n\t\t\t\t<div class=\"elementor-element elementor-element-0bef1b8 elementor-widget__width-initial elementor-widget elementor-widget-text-editor\" data-id=\"0bef1b8\" data-element_type=\"widget\" data-widget_type=\"text-editor.default\">\n\t\t\t\t<div class=\"elementor-widget-container\">\n\t\t\t\t\t\t\t\t\t<p data-prosemirror-content-type=\"node\" data-prosemirror-node-name=\"paragraph\" data-prosemirror-node-block=\"true\">\u00a0 \u00a0Compromisso e transpar\u00eancia<br data-prosemirror-content-type=\"node\" data-prosemirror-node-name=\"hardBreak\" data-prosemirror-node-inline=\"true\" \/>\u00a0 \u00a0Rela\u00e7\u00f5es de confian\u00e7a, processos claros e foco cont\u00ednuo na qualidade do atendimento.<\/p><p data-prosemirror-content-type=\"node\" data-prosemirror-node-name=\"paragraph\" data-prosemirror-node-block=\"true\">\u00a0 \u00a0Gest\u00e3o orientada a resultados<br data-prosemirror-content-type=\"node\" data-prosemirror-node-name=\"hardBreak\" data-prosemirror-node-inline=\"true\" \/>Sob uma forte lideran\u00e7a, a empresa mant\u00e9m uma estrat\u00e9gia consistente de investimentos em capital humano, tecnologia e infraestrutura, promovendo crescimento sustent\u00e1vel e melhoria cont\u00ednua.<\/p><p data-prosemirror-content-type=\"node\" data-prosemirror-node-name=\"paragraph\" data-prosemirror-node-block=\"true\">\u00a0 \u00a0Excel\u00eancia reconhecida no mercado nacional<br data-prosemirror-content-type=\"node\" data-prosemirror-node-name=\"hardBreak\" data-prosemirror-node-inline=\"true\" \/>O comprometimento com a qualidade e a confiabilidade dos servi\u00e7os prestados garantiu \u00e0 marca a confian\u00e7a de importantes transportadores e embarcadores que operam em \u00e2mbito nacional.<\/p>\t\t\t\t\t\t\t\t<\/div>\n\t\t\t\t<\/div>\n\t\t\t\t<div class=\"elementor-element elementor-element-acbc744 elementor-widget__width-initial elementor-widget elementor-widget-text-editor\" data-id=\"acbc744\" data-element_type=\"widget\" data-widget_type=\"text-editor.default\">\n\t\t\t\t<div class=\"elementor-widget-container\">\n\t\t\t\t\t\t\t\t\t<p>\u00a0 A vontade de crescer, nos obriga a sair da zona de conforto e investir em pessoas, tecnologia e estrutura. Isso reflete de maneira org\u00e2nica na qualidade dos nossos servi\u00e7os e no envolvimento de nosso time.<br \/>Continuaremos firmes no proposito, seguiremos sempre em frente!<\/p>\t\t\t\t\t\t\t\t<\/div>\n\t\t\t\t<\/div>\n\t\t\t\t<\/div>\n\t\t<div class=\"elementor-element elementor-element-722cf58 e-flex e-con-boxed e-con e-child\" data-id=\"722cf58\" data-element_type=\"container\">\n\t\t\t\t\t<div class=\"e-con-inner\">\n\t\t\t\t<div class=\"elementor-element elementor-element-df1aafc elementor-widget elementor-widget-heading\" data-id=\"df1aafc\" data-element_type=\"widget\" data-widget_type=\"heading.default\">\n\t\t\t\t<div class=\"elementor-widget-container\">\n\t\t\t\t\t<h2 class=\"elementor-heading-title elementor-size-default\">Nossa empresa<\/h2>\t\t\t\t<\/div>\n\t\t\t\t<\/div>\n\t\t<div class=\"elementor-element elementor-element-5de65ee e-flex e-con-boxed e-con e-child\" data-id=\"5de65ee\" data-element_type=\"container\">\n\t\t\t\t\t<div class=\"e-con-inner\">\n\t\t<div class=\"elementor-element elementor-element-27b2f32 e-con-full e-flex e-con e-child\" data-id=\"27b2f32\" data-element_type=\"container\" data-settings=\"{&quot;background_background&quot;:&quot;classic&quot;}\">\n\t\t\t\t<div class=\"elementor-element elementor-element-cf82dd5 elementor-widget elementor-widget-heading\" data-id=\"cf82dd5\" data-element_type=\"widget\" data-widget_type=\"heading.default\">\n\t\t\t\t<div class=\"elementor-widget-container\">\n\t\t\t\t\t<h2 class=\"elementor-heading-title elementor-size-default\">Miss\u00e3o<\/h2>\t\t\t\t<\/div>\n\t\t\t\t<\/div>\n\t\t\t\t<div class=\"elementor-element elementor-element-3948d91 elementor-widget__width-initial elementor-widget elementor-widget-text-editor\" data-id=\"3948d91\" data-element_type=\"widget\" data-widget_type=\"text-editor.default\">\n\t\t\t\t<div class=\"elementor-widget-container\">\n\t\t\t\t\t\t\t\t\t<p>Transportar sonhos de maneira sustent\u00e1vel, respons\u00e1vel e em constante evolu\u00e7\u00e3o, garantindo a satisfa\u00e7\u00e3o do cliente com excel\u00eancia, qualidade, seguran\u00e7a e transpar\u00eancia.<\/p>\t\t\t\t\t\t\t\t<\/div>\n\t\t\t\t<\/div>\n\t\t\t\t<\/div>\n\t\t\t\t<div class=\"elementor-element elementor-element-b39e6b3 elementor-widget__width-initial elementor-widget-divider--separator-type-pattern elementor-widget-divider--view-line elementor-widget elementor-widget-divider\" data-id=\"b39e6b3\" data-element_type=\"widget\" data-widget_type=\"divider.default\">\n\t\t\t\t<div class=\"elementor-widget-container\">\n\t\t\t\t\t\t\t<div class=\"elementor-divider\" style=\"--divider-pattern-url: url(&quot;data:image\/svg+xml,%3Csvg xmlns=&#039;http:\/\/www.w3.org\/2000\/svg&#039; preserveAspectRatio=&#039;none&#039; overflow=&#039;visible&#039; height=&#039;100%&#039; viewBox=&#039;0 0 24 24&#039; fill=&#039;none&#039; stroke=&#039;black&#039; stroke-width=&#039;2&#039; stroke-linecap=&#039;square&#039; stroke-miterlimit=&#039;10&#039;%3E%3Cpolyline points=&#039;0,18 12,6 24,18 &#039;\/%3E%3C\/svg%3E&quot;);\">\n\t\t\t<span class=\"elementor-divider-separator\">\n\t\t\t\t\t\t<\/span>\n\t\t<\/div>\n\t\t\t\t\t\t<\/div>\n\t\t\t\t<\/div>\n\t\t<div class=\"elementor-element elementor-element-c4c2417 e-con-full e-flex e-con e-child\" data-id=\"c4c2417\" data-element_type=\"container\" data-settings=\"{&quot;background_background&quot;:&quot;classic&quot;}\">\n\t\t\t\t<div class=\"elementor-element elementor-element-f50cc4e elementor-widget elementor-widget-heading\" data-id=\"f50cc4e\" data-element_type=\"widget\" data-widget_type=\"heading.default\">\n\t\t\t\t<div class=\"elementor-widget-container\">\n\t\t\t\t\t<h2 class=\"elementor-heading-title elementor-size-default\">Vis\u00e3o <\/h2>\t\t\t\t<\/div>\n\t\t\t\t<\/div>\n\t\t\t\t<div class=\"elementor-element elementor-element-eafe327 elementor-widget__width-initial elementor-widget elementor-widget-text-editor\" data-id=\"eafe327\" data-element_type=\"widget\" data-widget_type=\"text-editor.default\">\n\t\t\t\t<div class=\"elementor-widget-container\">\n\t\t\t\t\t\t\t\t\t<p>Ser uma empresa reconhecida como l\u00edder no transporte de cargas fracionadas, priorizando a confiabilidade e seguran\u00e7a dos clientes, garantindo entregas pontuais com qualidade, integridade e efici\u00eancia.\u00a0<\/p>\t\t\t\t\t\t\t\t<\/div>\n\t\t\t\t<\/div>\n\t\t\t\t<\/div>\n\t\t\t\t<div class=\"elementor-element elementor-element-8146122 elementor-widget__width-initial elementor-widget-divider--separator-type-pattern elementor-widget-divider--view-line elementor-widget elementor-widget-divider\" data-id=\"8146122\" data-element_type=\"widget\" data-widget_type=\"divider.default\">\n\t\t\t\t<div class=\"elementor-widget-container\">\n\t\t\t\t\t\t\t<div class=\"elementor-divider\" style=\"--divider-pattern-url: url(&quot;data:image\/svg+xml,%3Csvg xmlns=&#039;http:\/\/www.w3.org\/2000\/svg&#039; preserveAspectRatio=&#039;none&#039; overflow=&#039;visible&#039; height=&#039;100%&#039; viewBox=&#039;0 0 24 24&#039; fill=&#039;none&#039; stroke=&#039;black&#039; stroke-width=&#039;2&#039; stroke-linecap=&#039;square&#039; stroke-miterlimit=&#039;10&#039;%3E%3Cpolyline points=&#039;0,18 12,6 24,18 &#039;\/%3E%3C\/svg%3E&quot;);\">\n\t\t\t<span class=\"elementor-divider-separator\">\n\t\t\t\t\t\t<\/span>\n\t\t<\/div>\n\t\t\t\t\t\t<\/div>\n\t\t\t\t<\/div>\n\t\t<div class=\"elementor-element elementor-element-268f4f8 e-con-full e-flex e-con e-child\" data-id=\"268f4f8\" data-element_type=\"container\" data-settings=\"{&quot;background_background&quot;:&quot;classic&quot;}\">\n\t\t\t\t<div class=\"elementor-element elementor-element-2227979 elementor-widget elementor-widget-heading\" data-id=\"2227979\" data-element_type=\"widget\" data-widget_type=\"heading.default\">\n\t\t\t\t<div class=\"elementor-widget-container\">\n\t\t\t\t\t<h2 class=\"elementor-heading-title elementor-size-default\">Valores<\/h2>\t\t\t\t<\/div>\n\t\t\t\t<\/div>\n\t\t\t\t<div class=\"elementor-element elementor-element-1416ddf elementor-widget__width-initial elementor-widget elementor-widget-text-editor\" data-id=\"1416ddf\" data-element_type=\"widget\" data-widget_type=\"text-editor.default\">\n\t\t\t\t<div class=\"elementor-widget-container\">\n\t\t\t\t\t\t\t\t\t<p>Efici\u00eancia operacional, respeito, transpar\u00eancia, confian\u00e7a e \u00e9tica profissional.<\/p>\t\t\t\t\t\t\t\t<\/div>\n\t\t\t\t<\/div>\n\t\t\t\t<\/div>\n\t\t\t\t<div class=\"elementor-element elementor-element-981ad27 elementor-widget__width-initial elementor-widget-divider--separator-type-pattern elementor-widget-divider--view-line elementor-widget elementor-widget-divider\" data-id=\"981ad27\" data-element_type=\"widget\" data-widget_type=\"divider.default\">\n\t\t\t\t<div class=\"elementor-widget-container\">\n\t\t\t\t\t\t\t<div class=\"elementor-divider\" style=\"--divider-pattern-url: url(&quot;data:image\/svg+xml,%3Csvg xmlns=&#039;http:\/\/www.w3.org\/2000\/svg&#039; preserveAspectRatio=&#039;none&#039; overflow=&#039;visible&#039; height=&#039;100%&#039; viewBox=&#039;0 0 24 24&#039; fill=&#039;none&#039; stroke=&#039;black&#039; stroke-width=&#039;2&#039; stroke-linecap=&#039;square&#039; stroke-miterlimit=&#039;10&#039;%3E%3Cpolyline points=&#039;0,18 12,6 24,18 &#039;\/%3E%3C\/svg%3E&quot;);\">\n\t\t\t<span class=\"elementor-divider-separator\">\n\t\t\t\t\t\t<\/span>\n\t\t<\/div>\n\t\t\t\t\t\t<\/div>\n\t\t\t\t<\/div>\n\t\t<div class=\"elementor-element elementor-element-2c7a7d9 e-con-full e-flex e-con e-child\" data-id=\"2c7a7d9\" data-element_type=\"container\" data-settings=\"{&quot;background_background&quot;:&quot;classic&quot;}\">\n\t\t\t\t<div class=\"elementor-element elementor-element-f18d320 elementor-widget elementor-widget-heading\" data-id=\"f18d320\" data-element_type=\"widget\" data-widget_type=\"heading.default\">\n\t\t\t\t<div class=\"elementor-widget-container\">\n\t\t\t\t\t<h2 class=\"elementor-heading-title elementor-size-default\">5 pilares<\/h2>\t\t\t\t<\/div>\n\t\t\t\t<\/div>\n\t\t\t\t<div class=\"elementor-element elementor-element-5d0940a elementor-widget__width-initial elementor-widget elementor-widget-text-editor\" data-id=\"5d0940a\" data-element_type=\"widget\" data-widget_type=\"text-editor.default\">\n\t\t\t\t<div class=\"elementor-widget-container\">\n\t\t\t\t\t\t\t\t\t<p>Excel\u00eancia<\/p><p>Responsabilidade<\/p><p>Confiabilidade\u00a0<\/p><p>Transpar\u00eancia<\/p><p>Sustentabilidade<\/p>\t\t\t\t\t\t\t\t<\/div>\n\t\t\t\t<\/div>\n\t\t\t\t<\/div>\n\t\t\t\t\t<\/div>\n\t\t\t\t<\/div>\n\t\t\t\t\t<\/div>\n\t\t\t\t<\/div>\n\t\t<div class=\"elementor-element elementor-element-a9ff2a9 e-flex e-con-boxed e-con e-child\" data-id=\"a9ff2a9\" data-element_type=\"container\">\n\t\t\t\t\t<div class=\"e-con-inner\">\n\t\t\t\t<div class=\"elementor-element elementor-element-79d1e08 elementor-widget elementor-widget-heading\" data-id=\"79d1e08\" data-element_type=\"widget\" data-widget_type=\"heading.default\">\n\t\t\t\t<div class=\"elementor-widget-container\">\n\t\t\t\t\t<h2 class=\"elementor-heading-title elementor-size-default\">Nossa estrutura<\/h2>\t\t\t\t<\/div>\n\t\t\t\t<\/div>\n\t\t\t\t\t<\/div>\n\t\t\t\t<\/div>\n\t\t<div class=\"elementor-element elementor-element-d6ecc2b e-con-full e-flex e-con e-child\" data-id=\"d6ecc2b\" data-element_type=\"container\" data-settings=\"{&quot;background_background&quot;:&quot;classic&quot;}\">\n\t\t<div class=\"elementor-element elementor-element-45953bc e-con-full e-flex e-con e-child\" data-id=\"45953bc\" data-element_type=\"container\">\n\t\t\t\t<div class=\"elementor-element elementor-element-ddd89a5 elementor-widget elementor-widget-heading\" data-id=\"ddd89a5\" data-element_type=\"widget\" data-widget_type=\"heading.default\">\n\t\t\t\t<div class=\"elementor-widget-container\">\n\t\t\t\t\t<h2 class=\"elementor-heading-title elementor-size-default\">Juiz de Fora<\/h2>\t\t\t\t<\/div>\n\t\t\t\t<\/div>\n\t\t\t\t<div class=\"elementor-element elementor-element-b1185ac elementor-widget elementor-widget-counter\" data-id=\"b1185ac\" data-element_type=\"widget\" data-widget_type=\"counter.default\">\n\t\t\t\t<div class=\"elementor-widget-container\">\n\t\t\t\t\t\t\t<div class=\"elementor-counter\">\n\t\t\t<div class=\"elementor-counter-title\">\u00e1rea constru\u00edda<\/div>\t\t\t<div class=\"elementor-counter-number-wrapper\">\n\t\t\t\t<span class=\"elementor-counter-number-prefix\"><\/span>\n\t\t\t\t<span class=\"elementor-counter-number\" data-duration=\"2000\" data-to-value=\"8000\" data-from-value=\"0\" data-delimiter=\".\">0<\/span>\n\t\t\t\t<span class=\"elementor-counter-number-suffix\">m\u00b2<\/span>\n\t\t\t<\/div>\n\t\t<\/div>\n\t\t\t\t\t\t<\/div>\n\t\t\t\t<\/div>\n\t\t\t\t<div class=\"elementor-element elementor-element-6f114bf elementor-widget elementor-widget-counter\" data-id=\"6f114bf\" data-element_type=\"widget\" data-widget_type=\"counter.default\">\n\t\t\t\t<div class=\"elementor-widget-container\">\n\t\t\t\t\t\t\t<div class=\"elementor-counter\">\n\t\t\t<div class=\"elementor-counter-title\">\u00e1rea piso operacional<\/div>\t\t\t<div class=\"elementor-counter-number-wrapper\">\n\t\t\t\t<span class=\"elementor-counter-number-prefix\"><\/span>\n\t\t\t\t<span class=\"elementor-counter-number\" data-duration=\"2000\" data-to-value=\"4000\" data-from-value=\"0\" data-delimiter=\".\">0<\/span>\n\t\t\t\t<span class=\"elementor-counter-number-suffix\">m\u00b2<\/span>\n\t\t\t<\/div>\n\t\t<\/div>\n\t\t\t\t\t\t<\/div>\n\t\t\t\t<\/div>\n\t\t\t\t<\/div>\n\t\t<div class=\"elementor-element elementor-element-3cde19d e-con-full e-flex e-con e-child\" data-id=\"3cde19d\" data-element_type=\"container\">\n\t\t\t\t<div class=\"elementor-element elementor-element-e86c816 elementor-widget elementor-widget-counter\" data-id=\"e86c816\" data-element_type=\"widget\" data-widget_type=\"counter.default\">\n\t\t\t\t<div class=\"elementor-widget-container\">\n\t\t\t\t\t\t\t<div class=\"elementor-counter\">\n\t\t\t<div class=\"elementor-counter-title\">entregas m\u00eas<\/div>\t\t\t<div class=\"elementor-counter-number-wrapper\">\n\t\t\t\t<span class=\"elementor-counter-number-prefix\">+<\/span>\n\t\t\t\t<span class=\"elementor-counter-number\" data-duration=\"2000\" data-to-value=\"20000\" data-from-value=\"0\" data-delimiter=\".\">0<\/span>\n\t\t\t\t<span class=\"elementor-counter-number-suffix\"><\/span>\n\t\t\t<\/div>\n\t\t<\/div>\n\t\t\t\t\t\t<\/div>\n\t\t\t\t<\/div>\n\t\t\t\t<div class=\"elementor-element elementor-element-1580cb3 elementor-widget elementor-widget-counter\" data-id=\"1580cb3\" data-element_type=\"widget\" data-widget_type=\"counter.default\">\n\t\t\t\t<div class=\"elementor-widget-container\">\n\t\t\t\t\t\t\t<div class=\"elementor-counter\">\n\t\t\t<div class=\"elementor-counter-title\">toneladas m\u00eas<\/div>\t\t\t<div class=\"elementor-counter-number-wrapper\">\n\t\t\t\t<span class=\"elementor-counter-number-prefix\">+<\/span>\n\t\t\t\t<span class=\"elementor-counter-number\" data-duration=\"2000\" data-to-value=\"1.8\" data-from-value=\"0\" data-delimiter=\".\">0<\/span>\n\t\t\t\t<span class=\"elementor-counter-number-suffix\"><\/span>\n\t\t\t<\/div>\n\t\t<\/div>\n\t\t\t\t\t\t<\/div>\n\t\t\t\t<\/div>\n\t\t\t\t<div class=\"elementor-element elementor-element-549a744 elementor-widget elementor-widget-counter\" data-id=\"549a744\" data-element_type=\"widget\" data-widget_type=\"counter.default\">\n\t\t\t\t<div class=\"elementor-widget-container\">\n\t\t\t\t\t\t\t<div class=\"elementor-counter\">\n\t\t\t<div class=\"elementor-counter-title\">km rodados m\u00eas<\/div>\t\t\t<div class=\"elementor-counter-number-wrapper\">\n\t\t\t\t<span class=\"elementor-counter-number-prefix\">+<\/span>\n\t\t\t\t<span class=\"elementor-counter-number\" data-duration=\"2000\" data-to-value=\"300000\" data-from-value=\"0\" data-delimiter=\".\">0<\/span>\n\t\t\t\t<span class=\"elementor-counter-number-suffix\"><\/span>\n\t\t\t<\/div>\n\t\t<\/div>\n\t\t\t\t\t\t<\/div>\n\t\t\t\t<\/div>\n\t\t\t\t<\/div>\n\t\t\t\t<\/div>\n\t\t\t\t<\/div>\n\t\t\t\t<\/div>\n\t\t","protected":false},"excerpt":{"rendered":"<p>Nossa hist\u00f3ria Desde 1997, a Nova Era Express oferece solu\u00e7\u00f5es especializadas em transporte terceirizado de cargas fracionadas, com forte presen\u00e7a nas regi\u00f5es da Zona da Mata<span class=\"excerpt-hellip\"> [\u2026]<\/span><\/p>\n","protected":false},"author":1,"featured_media":0,"parent":0,"menu_order":0,"comment_status":"closed","ping_status":"closed","template":"elementor_header_footer","meta":{"footnotes":""},"class_list":["post-555","page","type-page","status-publish","hentry"],"_links":{"self":[{"href":"http:\/\/novaeraexpress.com.br\/index.php?rest_route=\/wp\/v2\/pages\/555","targetHints":{"allow":["GET"]}}],"collection":[{"href":"http:\/\/novaeraexpress.com.br\/index.php?rest_route=\/wp\/v2\/pages"}],"about":[{"href":"http:\/\/novaeraexpress.com.br\/index.php?rest_route=\/wp\/v2\/types\/page"}],"author":[{"embeddable":true,"href":"http:\/\/novaeraexpress.com.br\/index.php?rest_route=\/wp\/v2\/users\/1"}],"replies":[{"embeddable":true,"href":"http:\/\/novaeraexpress.com.br\/index.php?rest_route=%2Fwp%2Fv2%2Fcomments&post=555"}],"version-history":[{"count":97,"href":"http:\/\/novaeraexpress.com.br\/index.php?rest_route=\/wp\/v2\/pages\/555\/revisions"}],"predecessor-version":[{"id":1274,"href":"http:\/\/novaeraexpress.com.br\/index.php?rest_route=\/wp\/v2\/pages\/555\/revisions\/1274"}],"wp:attachment":[{"href":"http:\/\/novaeraexpress.com.br\/index.php?rest_route=%2Fwp%2Fv2%2Fmedia&parent=555"}],"curies":[{"name":"wp","href":"https:\/\/api.w.org\/{rel}","templated":true}]}}